000110
In base 12, what is -210900 + -1?
-210901
In base 15, what is 3002c - -3?
30030
In base 7, what is -3514 + -466?
-4313
In base 10, what is -9383 - -12?
-9371
In base 4, what is -20 - 100120?
-100200
In base 13, what is -79 - -29?
-50
In base 12, what is -161 + -1a76?
-2017
In base 6, what is 4011435 + -3?
4011432
In base 2, what is -1 + -1001011110100?
-1001011110101
In base 8, what is -1526 + 7454?
5726
In base 15, what is -3 - 32eb?
-32ee
In base 8, what is 30 - 4144?
-4114
In base 8, what is 6 + -3474?
-3466
In base 10, what is 44706 - 4?
44702
In base 12, what is 38bb - -55?
3954
In base 3, what is -12 - -2000100101?
2000100012
In base 9, what is 202137 - -2?
202140
In base 16, what is 897 - 243?
654
In base 7, what is 564615 - 16?
564566
In base 15, what is 13b97 - -8?
13ba0
In base 13, what is 47 + 1b?
65
In base 12, what is a3306 - -5?
a330b
In base 5, what is 10123 - -11?
10134
In base 15, what is 2 - 7b5c?
-7b5a
In base 15, what is 5 - -de59c?
de5a2
In base 16, what is ab5e1 - 3?
ab5de
In base 11, what is -2 + -40a17?
-40a19
In base 6, what is -3324 + -5131?
-12455
In base 4, what is -3110003212 - -1?
-3110003211
In base 8, what is -4 + 45412?
45406
In base 4, what is -120230 - -100?
-120130
In base 5, what is -23 - -1040404?
1040331
In base 9, what is 35438 - 34?
35404
In base 7, what is 1204 - 21?
1153
In base 12, what is 33 - 4562?
-452b
In base 12, what is -3 - -4929?
4926
In base 2, what is -10110101 - 1001000101010?
-1001011011111
In base 8, what is 20 + 26475?
26515
In base 9, what is -16 - 174007?
-174024
In base 4, what is 22130 - -332201?
1020331
In base 14, what is 103 + 60?
163
In base 15, what is -adb0b - 1?
-adb0c
In base 11, what is -53 - 73a5?
-7448
In base 13, what is 376c - -10?
377c
In base 7, what is 26320246 + 1?
26320250
In base 5, what is -2 + 4142211?
4142204
In base 14, what is 0 + 1b58a?
1b58a
In base 6, what is -2355251 + 1?
-2355250
In base 15, what is -9bd2 + 1?
-9bd1
In base 15, what is d4d46 + -2?
d4d44
In base 7, what is -3101 + 2631?
-140
In base 10, what is 124 + 10581?
10705
In base 6, what is -15343 + -440?
-20223
In base 14, what is -5 + 2285d?
22858
In base 14, what is 27815 - 3?
27812
In base 4, what is -301123 + 330?
-300133
In base 13, what is -20351 + 1?
-20350
In base 3, what is 2101001202021 - 12?
2101001202002
In base 13, what is b0b - 6b2?
429
In base 2, what is 1100000011011100100000 - -1?
1100000011011100100001
In base 13, what is 160 + 482?
612
In base 8, what is 21 + -417?
-376
In base 4, what is 30 - 1220322?
-1220232
In base 3, what is -1212210102 - -1201?
-1212201201
In base 14, what is -1 - -6cd7?
6cd6
In base 12, what is 83 + -17?
68
In base 14, what is 339 + 328?
663
In base 6, what is 403 + -315015?
-314212
In base 13, what is 0 - 13a47?
-13a47
In base 3, what is 21010200 - 11112?
20222011
In base 3, what is -20222111010010 - -11?
-20222111002222
In base 8, what is -4 + 5545?
5541
In base 11, what is -128a - 30?
-130a
In base 7, what is -153201 + -4?
-153205
In base 13, what is c74 - -44?
cb8
In base 12, what is -25 - -5a07?
59a2
In base 9, what is -3226116 + 2?
-3226114
In base 2, what is 1 - -11010011001110110?
11010011001110111
In base 12, what is 6 + 1b366?
1b370
In base 7, what is -1042600 - -2?
-1042565
In base 9, what is 187 + -17?
170
In base 2, what is -10100 - 1100101110?
-1101000010
In base 16, what is -2 + 21675d?
21675b
In base 9, what is 6 + 2531066?
2531073
In base 13, what is -2a3 - -b61?
88b
In base 2, what is -100101 - 101010111100?
-101011100001
In base 3, what is -221010111 + 210?
-221002201
In base 12, what is 1 - 35a9?
-35a8
In base 4, what is 0 - -1230230?
1230230
In base 2, what is 10 - 1011000100010101?
-1011000100010011
In base 15, what is 50 + 17a91?
17ae1
In base 9, what is 233 + -2588?
-2355
In base 7, what is 150 - -340526?
341006
In base 9, what is 12852 - -7?
12860
In base 10, what is 3 + 72934?
72937
In base 10, what is 8 - 34719?
-34711
In base 7, what is 63006 - -16?
63025
In base 12, what is 5122 + -5?
5119
In base 12, what is 67 - 22a36?
-2298b
In base 9, what is -14 + 32462?
32447
In base 2, what is -1110001011000100100 - -101?
-1110001011000011111
In base 9, what is 76043 - -2?
76045
In base 16, what is 0 + f9ee4?
f9ee4
In base 5, what is 131 + -4?
122
In base 9, what is -2427810 + 1?
-2427808
In base 10, what is -71 + -7999?
-8070
In base 12, what is -5 - 2b50?
-2b55
In base 16, what is -2 - -3ecd?
3ecb
In base 5, what is -3142 + 1302?
-1340
In base 6, what is 1051 + -11221?
-10130
In base 7, what is -661 - -2313?
1322
In base 11, what is 724 + -9?
716
In base 7, what is 31 - -5544?
5605
In base 11, what is -5 - -11323?
11319
In base 16, what is 63e4 - -6?
63ea
In base 10, what is 7 + 63846?
63853
In base 14, what is -c8d0 - 5?
-c8d5
In base 4, what is -213031303 + -33?
-213032002
In base 11, what is -157 - 976?
-1022
In base 3, what is 21 - 10212?
-10121
In base 12, what is -2101b2 - -3?
-2101ab
In base 15, what is -46 + 1392?
134b
In base 5, what is 10123124131 + -4?
10123124122
In base 6, what is 1 + -1252431?
-1252430
In base 9, what is -2 - 1741512?
-1741514
In base 7, what is -1 - 4321051?
-4321052
In base 15, what is 1c07 - -16?
1c1d
In base 13, what is 11a - -83?
1a0
In base 6, what is -1034 + 15420?
14342
In base 12, what is 4 + -2972?
-296a
In base 11, what is -167 - -63?
-104
In base 16, what is 25bb - -6e?
2629
In base 7, what is -5 - 1024001?
-1024006
In base 3, what is 10 + -110122020121?
-110122020111
In base 10, what is 319 - 831?
-512
In base 4, what is 11230 - -113220?
131110
In base 7, what is -11 - 15045?
-15056
In base 13, what is 950a - c?
94cb
In base 10, what is 3 - 77279?
-77276
In base 16, what is bf - -1183?
1242
In base 12, what is 7065a + -1?
70659
In base 5, what is -11401224 - 3?
-11401232
In base 13, what is 2827a - -3?
28280
In base 3, what is -101020100 + -111011?
-101201111
In base 3, what is -100202 + -111002222?
-111110201
In base 4, what is -220333 - -232302?
11303
In base 7, what is 10 - 11013?
-11003
In base 4, what is -2 + -2131133?
-2131201
In base 14, what is -3289b4 + 5?
-3289ad
In base 10, what is -98 + -1642?
-1740
In base 3, what is -2200100112 + 12?
-2200100100
In base 10, what is 6465 + 81?
6546
In base 3, what is 1020 + 2201?
10221
In base 12, what is -485 + 133?
-352
In base 9, what is -87545 - 5?
-87551
In base 6, what is -13551 - 11?
-14002
In base 14, what is 37 - 3ab?
-374
In base 6, what is -54 - -1143553?
1143455
In base 11, what is 1148a - -3?
11492
In base 2, what is 1011000100010101010 + 11?
1011000100010101101
In base 5, what is 2112 + -2204?
-42
In base 7, what is 4205521 - 0?
4205521
In base 10, what is -886065 - 0?
-886065
In base 10, what is 20 + 977?
997
In base 16, what is 13a6d - 0?
13a6d
In base 2, what is 0 - 11010010100011110?
-11010010100011110
In base 11, what is 95500 - 14?
95497
In base 6, what is 13353 + -1045?
12304
In base 16, what is 11 + -334b?
-333a
In base 12, what is 521a + -39?
51a1
In base 8, what is 6 + 521461?
521467
In base 6, what is -13522 + -30?
-13552
In base 8, what is 3 + -31074?
-31071
In base 16, what is -5fe - -95?
-569
In base 6, what is -20343 + -112?
-20455
In base 3, what is 22111 - 20210?
1201
In base 3, what is 22100 - 2022?
20001
In base 6, what is 2543043 - 1?
2543042
In base 15, what is 1bc46 - -30?
1bc76
In base 11, what is -a - -8a5?
896
In base 5, what is -1002 - 40023?
-41030
In base 15, what is 1c30 + -1?
1c2e
In base 14, what is -20a2 - 0?
-20a2
In base 4, what is -1 + -100032323?
-100032330
In base 4, what is -11 + 321311?
321300
In base 14, what is -310 + 7?
-307
In base 14, what is 2 - -17478?
1747a
In base 4, what is 1222 + -12322?
-11100
In base 5, what is 10 - 41021330?
-41021320
In base 12, what is -8924 - -55?
-888b
In base 8, what is -43 + 161756?
161713
In base 11, what is -77 + 1920?
1854
In base 15, what is -63e - 3c?
-67b
In base 5, what is -43124 + -40?
-43214
In base 4, what is -332 + -10?
-1002
In base 9, what is -5315 - 0?
-5315
In base 9, what is -30 + -53?
-83
In base 11, what is 2 - 40139?
-40137
In base 15, what is 5 - -26474c?
264752
In base 10, what is -368054 + -2?
-368056
In base 7, what is -2 + -156560?
-156562
In base 11, what is 2448 + -906?
1642
In base 15, what is -2c4a + 25?
-2c25
In bas